{"id":1248,"date":"2025-05-21T11:40:44","date_gmt":"2025-05-21T11:40:44","guid":{"rendered":"https:\/\/www.domax.pt\/web\/?page_id=1248"},"modified":"2025-05-22T08:41:17","modified_gmt":"2025-05-22T08:41:17","slug":"massa-reparadora-aco-domax-steel","status":"publish","type":"page","link":"https:\/\/www.domax.pt\/web\/produtos-3\/massa-reparadora-aco-domax-steel\/","title":{"rendered":"Massa Reparadora A\u00e7o | Domax Steel"},"content":{"rendered":"\n<div class=\"wp-block-group alignfull has-ast-global-color-8-background-color has-background is-vertical is-content-justification-left is-nowrap is-layout-flex wp-container-core-group-is-layout-970da055 wp-block-group-is-layout-flex\">\n<div class=\"wp-block-media-text is-stacked-on-mobile header, footer, .wp-block-group, .wp-block-container { background-color: #000000 !important; } has-ast-global-color-8-background-color has-background\" style=\"grid-template-columns:28% auto\"><figure class=\"wp-block-media-text__media\"><img loading=\"lazy\" decoding=\"async\" width=\"768\" height=\"1024\" src=\"http:\/\/www.domax.pt\/web\/wp-content\/uploads\/2025\/04\/MASSA-REPARADORA-ACO-STICK-768x1024.png\" alt=\"massa-reparadora-aco-stick.alt\" class=\"wp-image-817 size-full\" srcset=\"https:\/\/www.domax.pt\/web\/wp-content\/uploads\/2025\/04\/MASSA-REPARADORA-ACO-STICK-768x1024.png 768w, https:\/\/www.domax.pt\/web\/wp-content\/uploads\/2025\/04\/MASSA-REPARADORA-ACO-STICK-225x300.png 225w, https:\/\/www.domax.pt\/web\/wp-content\/uploads\/2025\/04\/MASSA-REPARADORA-ACO-STICK.png 900w\" sizes=\"auto, (max-width: 768px) 100vw, 768px\" \/><\/figure><div class=\"wp-block-media-text__content\">\n<h2 class=\"wp-block-heading has-ast-global-color-2-color has-text-color has-link-color wp-elements-7250068c696ecbc56beb4618e64ba7f0\" style=\"padding-top:0;padding-bottom:0\">Massa Reparadora A\u00e7o | Domax Steel<\/h2>\n\n\n\n<p class=\"has-text-align-left has-ast-global-color-2-color has-text-color has-link-color wp-elements-265b0ef11152cd061bf793f6fc7354e7\" style=\"padding-top:0;padding-bottom:0\"><strong>REF: 140219 \u2022 Stick 57g (2oz) \u2022 Caixa de 24 unidades <\/strong><br><br>Mold\u00e1vel a qualquer forma.<br>Adere ao ferro, alum\u00ednio, bronze, a\u00e7o, cobre, lat\u00e3o, etc.<br>Preenche espa\u00e7os vazios e fissuras em partes met\u00e1licas. <br>Utiliza-se para reparar tubos, v\u00e1lvulas, pe\u00e7as fundidas, tanques, blocos de motor, pe\u00e7as em pl\u00e1stico, pe\u00e7as met\u00e1licas, eletrodom\u00e9sticos, bicicletas, motos e muitas outras aplica\u00e7\u00f5es industriais e dom\u00e9sticas.<br>Excelente reparador de superf\u00edcies danificadas pela corros\u00e3o em ambientes \u00e1rduos.<\/p>\n\n\n\n<div class=\"wp-block-uagb-image alignleft uagb-block-574d0208 wp-block-uagb-image--layout-default wp-block-uagb-image--effect-static wp-block-uagb-image--align-left\"><figure class=\"wp-block-uagb-image__figure\"><img decoding=\"async\" srcset=\"https:\/\/www.domax.pt\/web\/wp-content\/uploads\/2025\/05\/cortar-moldar-aplicar-1-1024x257.png ,https:\/\/www.domax.pt\/web\/wp-content\/uploads\/2025\/05\/cortar-moldar-aplicar-1.png 780w, https:\/\/www.domax.pt\/web\/wp-content\/uploads\/2025\/05\/cortar-moldar-aplicar-1.png 360w\" sizes=\"auto, (max-width: 480px) 150px\" src=\"https:\/\/www.domax.pt\/web\/wp-content\/uploads\/2025\/05\/cortar-moldar-aplicar-1-1024x257.png\" alt=\"\" class=\"uag-image-1259\" width=\"344\" height=\"86\" title=\"cortar-moldar-aplicar\" loading=\"lazy\" role=\"img\"\/><\/figure><\/div>\n\n\n\n<div class=\"wp-block-buttons alignfull is-layout-flex wp-block-buttons-is-layout-flex\">\n<div class=\"wp-block-button is-style-outline is-style-outline--1\"><a class=\"wp-block-button__link wp-element-button\" href=\"http:\/\/www.domax.pt\/web\/wp-content\/uploads\/2025\/05\/MSDS_140219_PT_PT_Domax-Steel-Resina.pdf\" target=\"_blank\" rel=\"noreferrer noopener\">ficha de seguran\u00e7a | resina <\/a><\/div>\n\n\n\n<div class=\"wp-block-button is-style-outline is-style-outline--2\"><a class=\"wp-block-button__link wp-element-button\" href=\"http:\/\/www.domax.pt\/web\/wp-content\/uploads\/2025\/05\/MSDS_140219_PT_PT_Domax-Steel-Endurecedor.pdf\" target=\"_blank\" rel=\"noreferrer noopener\">ficha de seguran\u00e7a | endurecedor<\/a><\/div>\n<\/div>\n<\/div><\/div>\n\n\n\n<div class=\"wp-block-stackable-divider stk-block-divider stk-block stk-8acad53\" data-block-id=\"8acad53\"><style>.stk-8acad53 hr.stk-block-divider__hr{background:var(--ast-global-color-0) !important;height:1px !important;width:46% !important;}.stk-8acad53 {border-top-width:0px !important;border-right-width:0px !important;border-bottom-width:0px !important;border-left-width:0px !important;margin-top:39px !important;top:-5px !important;}<\/style><hr class=\"stk-block-divider__hr\"\/><\/div>\n<\/div>\n\n\n\n<p><\/p>\n","protected":false},"excerpt":{"rendered":"<p>Massa Reparadora A\u00e7o | Domax Steel REF: 140219 \u2022 Stick 57g (2oz) \u2022 Caixa de 24 unidades Mold\u00e1vel a qualquer [&hellip;]<\/p>\n","protected":false},"author":2,"featured_media":0,"parent":1030,"menu_order":0,"comment_status":"closed","ping_status":"closed","template":"","meta":{"_acf_changed":false,"_uag_custom_page_level_css":"","site-sidebar-layout":"default","site-content-layout":"","ast-site-content-layout":"","site-content-style":"default","site-sidebar-style":"default","ast-global-header-display":"","ast-banner-title-visibility":"","ast-main-header-display":"","ast-hfb-above-header-display":"","ast-hfb-below-header-display":"","ast-hfb-mobile-header-display":"","site-post-title":"disabled","ast-breadcrumbs-content":"","ast-featured-img":"","footer-sml-layout":"","theme-transparent-header-meta":"","adv-header-id-meta":"","stick-header-meta":"","header-above-stick-meta":"","header-main-stick-meta":"","header-below-stick-meta":"","astra-migrate-meta-layouts":"default","ast-page-background-enabled":"default","ast-page-background-meta":{"desktop":{"background-color":"var(--ast-global-color-4)","background-image":"","background-repeat":"repeat","background-position":"center center","background-size":"auto","background-attachment":"scroll","background-type":"","background-media":"","overlay-type":"","overlay-color":"","overlay-opacity":"","overlay-gradient":""},"tablet":{"background-color":"","background-image":"","background-repeat":"repeat","background-position":"center center","background-size":"auto","background-attachment":"scroll","background-type":"","background-media":"","overlay-type":"","overlay-color":"","overlay-opacity":"","overlay-gradient":""},"mobile":{"background-color":"","background-image":"","background-repeat":"repeat","background-position":"center center","background-size":"auto","background-attachment":"scroll","background-type":"","background-media":"","overlay-type":"","overlay-color":"","overlay-opacity":"","overlay-gradient":""}},"ast-content-background-meta":{"desktop":{"background-color":"var(--ast-global-color-5)","background-image":"","background-repeat":"repeat","background-position":"center center","background-size":"auto","background-attachment":"scroll","background-type":"","background-media":"","overlay-type":"","overlay-color":"","overlay-opacity":"","overlay-gradient":""},"tablet":{"background-color":"var(--ast-global-color-5)","background-image":"","background-repeat":"repeat","background-position":"center center","background-size":"auto","background-attachment":"scroll","background-type":"","background-media":"","overlay-type":"","overlay-color":"","overlay-opacity":"","overlay-gradient":""},"mobile":{"background-color":"var(--ast-global-color-5)","background-image":"","background-repeat":"repeat","background-position":"center center","background-size":"auto","background-attachment":"scroll","background-type":"","background-media":"","overlay-type":"","overlay-color":"","overlay-opacity":"","overlay-gradient":""}},"footnotes":""},"class_list":["post-1248","page","type-page","status-publish","hentry"],"acf":[],"uagb_featured_image_src":{"full":false,"thumbnail":false,"medium":false,"medium_large":false,"large":false,"1536x1536":false,"2048x2048":false},"uagb_author_info":{"display_name":"Laura Louren\u00e7o","author_link":"https:\/\/www.domax.pt\/web\/author\/laura\/"},"uagb_comment_info":0,"uagb_excerpt":"Massa Reparadora A\u00e7o | Domax Steel REF: 140219 \u2022 Stick 57g (2oz) \u2022 Caixa de 24 unidades Mold\u00e1vel a qualquer [&hellip;]","_links":{"self":[{"href":"https:\/\/www.domax.pt\/web\/wp-json\/wp\/v2\/pages\/1248","targetHints":{"allow":["GET"]}}],"collection":[{"href":"https:\/\/www.domax.pt\/web\/wp-json\/wp\/v2\/pages"}],"about":[{"href":"https:\/\/www.domax.pt\/web\/wp-json\/wp\/v2\/types\/page"}],"author":[{"embeddable":true,"href":"https:\/\/www.domax.pt\/web\/wp-json\/wp\/v2\/users\/2"}],"replies":[{"embeddable":true,"href":"https:\/\/www.domax.pt\/web\/wp-json\/wp\/v2\/comments?post=1248"}],"version-history":[{"count":16,"href":"https:\/\/www.domax.pt\/web\/wp-json\/wp\/v2\/pages\/1248\/revisions"}],"predecessor-version":[{"id":1322,"href":"https:\/\/www.domax.pt\/web\/wp-json\/wp\/v2\/pages\/1248\/revisions\/1322"}],"up":[{"embeddable":true,"href":"https:\/\/www.domax.pt\/web\/wp-json\/wp\/v2\/pages\/1030"}],"wp:attachment":[{"href":"https:\/\/www.domax.pt\/web\/wp-json\/wp\/v2\/media?parent=1248"}],"curies":[{"name":"wp","href":"https:\/\/api.w.org\/{rel}","templated":true}]}}